
Suppose 24 = 3*r - 27. Let y = 536 - 366. Calculate the highest common factor of r and y.
17
Suppose -g = 4*g - 10, -2*c + 2370 = -7*g. Calculate the greatest common divisor of c and 1341.
149
Let o(h) = 933*h**3 - h**2 + 61*h - 58. Let m be o(1). Calculate the highest common divisor of 2465 and m.
85
Suppose 0 = -2*c + 5*r + 23, 4 = c + 3*r + 9. Suppose 2*z + o - 285 = 367, 16 = c*o. Calculate the greatest common divisor of 36 and z.
36
Let i(c) = 2*c + 30. Let f be i(-11). Let p(x) = -3*x + 1 + 9 + 2 + 2*x. Let t be p(-12). What is the greatest common divisor of t and f?
8
Let j be (-56)/(-4) + 0/(-1). Let r(o) = -3*o**3 - 3*o**2 - 2*o + 2. Let a be r(-4). Calculate the greatest common factor of a and j.
14
Let r(i) = 67*i - 48. Let y = 285 + -282. Let b be r(y). What is the greatest common factor of 34 and b?
17
Let h = -90 + 177. Let j = h + -42. Calculate the greatest common factor of j and 120.
15
Suppose -3*w - 2 = 10. Let z(y) = -11 - 19 + y + 43. Let q be z(w). Calculate the greatest common factor of 27 and q.
9
Suppose -13*r - 45*r + 520 + 19026 = 0. What is the highest common divisor of 4 and r?
1
Suppose 2*z = 5*k - 0*z - 20, 5*k = -z + 20. Suppose -5*d - 16 = 3*w, 8*w - k*d - 23 = 7*w. Calculate the greatest common factor of 7 and w.
1
Suppose 5*a + 2*m = 784, 2*a + 174*m - 178*m - 304 = 0. Calculate the greatest common divisor of 17628 and a.
156
Let i be (-31 + 35)/((2/113)/2). Let y = i + -310. Let g be y + -12 + 0/2. What is the highest common divisor of g and 52?
26
Let l = -517 + 4837. What is the highest common divisor of 160 and l?
160
Let c = 146 + -11. Calculate the greatest common divisor of 165 and c.
15
Let t = -404 + 404. Let b be 2 + 3 + t - (-2 - 741). What is the greatest common divisor of 17 and b?
17
Let h be ((-195)/7)/((-1479)/3451). What is the highest common divisor of 355 and h?
5
Suppose -13*t + 119 + 17 = -20. Calculate the highest common factor of t and 123.
3
Let x = -45 + 53. Let k = x + -3. Let i(f) = -f**2 + 10*f + 7. Let u be i(k). What is the highest common divisor of 80 and u?
16
Suppose 4*t - 9*m + 4*m = 408, 2*t - 2*m = 204. Calculate the highest common factor of t and 289.
17
Suppose 338*l - 333*l + 2*t = 3773, l + 5*t = 750. What is the highest common divisor of l and 1963?
151
Suppose -9 = -125*b + 122*b. Suppose -b*t - 18 = -138. Calculate the greatest common divisor of t and 5.
5
Let v = 20343 + -20311. Let x be (2 + 1)*(-8)/(-2). Calculate the greatest common divisor of x and v.
4
Let t = 23259 + -20743. Calculate the highest common factor of 370 and t.
74
Let i(q) = -22*q**2 - q + 2. Let s be i(3). Let a = s + 229. Calculate the highest common factor of a and 90.
30
Let r(z) = -z**2 + 7*z + 61. Let t be r(-5). Let c be t/((-13)/(-52)*8/26). What is the greatest common divisor of 325 and c?
13
Suppose 0 = -3*f + 3, -3*p - 242 = 5*f + 35. Suppose 0 = 3*w + 212 + 139. Let h = p - w. Calculate the highest common divisor of 69 and h.
23
Suppose 5*z + 22820 = 5*y, 3*y - 5*z = 4*y - 4600. What is the highest common divisor of 20 and y?
10
Suppose 0 = 8*i - 20*i + 912. Suppose -5*b + 136 = i. What is the greatest common factor of b and 96?
12
Let s = -999 - -1481. Suppose -10*w + 18 = -s. Calculate the highest common factor of 70 and w.
10
Let h(d) = -d**2 + 21*d + 25. Let n be h(16). Let t = 2266 - 2098. Calculate the highest common factor of n and t.
21
Let k be (-1 + -11 + 4)*(-2)/1. Calculate the highest common divisor of 10 and k.
2
Let v(y) = -y**3 + 58*y**2 - 119*y + 590. Let x be v(56). What is the greatest common divisor of 1287 and x?
99
Suppose 3*o - 2*o + 19*o = 68080. Calculate the highest common factor of 333 and o.
37
Let n = 2651 - 4750. Let r = n - -2990. What is the greatest common factor of 27 and r?
27
Let j = 588 - -219. Suppose 0 = -3*y + 180 + j. Suppose -71 = -5*b + y. Calculate the highest common factor of 10 and b.
10
Let o = -31 - -43. Suppose 16*j - o*j - 20 = 0. Suppose -q - j*t + 50 = 0, -q + 7 = 2*t - 28. Calculate the highest common divisor of q and 25.
25
Suppose -169 = 2*g - 3*g. Suppose g = o + 145. Let m be (-369)/o*-6 + 2/(-8). What is the highest common divisor of 46 and m?
46
Let a(i) = -17*i**2 + 463*i - 42. Let v be a(27). Calculate the highest common divisor of v and 3564.
66
Suppose -25 = -5*k, 0 = -264*n + 262*n - 2*k + 10098. Calculate the greatest common factor of 13 and n.
13
Suppose -3*p = -11*p + 16. Suppose -18 = z - p*z. Calculate the highest common factor of z and 126.
18
Suppose 16*p = 3*y + 21*p - 605, 0 = 5*y - p - 1055. What is the highest common divisor of y and 1995?
105
Let g(w) = -105*w**3 - 2*w**2 + w + 2. Let x be g(-1). Let c = -99 + x. Suppose 0 = -2*f + c*f - 48. What is the highest common factor of 48 and f?
16
Let x(w) = 95*w - 912. Let v be x(10). What is the highest common divisor of 1615 and v?
19
Suppose 17*p + 584 = 4664. What is the greatest common factor of 3000 and p?
120
Let o be 9/(36/(-16)) + 16. Let s(x) = 6*x**2 + 8*x + 12. Let h be s(-6). Let c = h + -72. Calculate the greatest common divisor of c and o.
12
Let i be ((-255)/6)/((-1)/2). Suppose -4*v + 6*n - 605 = 9*n, 3*v + 450 = -3*n. Let x = i - v. What is the highest common divisor of x and 15?
15
Suppose -723 - 1286 = -8*i - 489. What is the greatest common factor of i and 1990?
10
Suppose -12575 - 9317 - 68 = -6*q. What is the highest common factor of q and 240?
60
Let o be (-7)/(-4) + 6/(-8). Suppose -5*i + o = -24. Let u be ((-42)/12 - -3)*-10. Calculate the highest common factor of u and i.
5
Suppose -7*w - 310 = -5*w + 5*b, 3*b = -5*w - 813. Let l = w + 176. Calculate the greatest common factor of 11 and l.
11
Suppose 11*i + 27*i + 466 = 4570. Let t(l) = l**2 + l + 3. Let u be t(-3). Calculate the greatest common factor of u and i.
9
Suppose -3*o = -3*u - 6849, -5*o + u + 13744 = 2341. What is the highest common divisor of o and 420?
60
Let g(r) = 6 - 41 - 3*r - 1. Let u be g(-7). Let j be 40/u*7/((-112)/132). Calculate the greatest common divisor of 286 and j.
22
Let d(l) = -662*l + 49. Let x be d(-1). Suppose -m = 5*b - 48, 2*m + 30 = 2*b + 6*m. Calculate the highest common divisor of b and x.
9
Suppose d + 3 + 1 = -y, -3*y - 2*d = 8. Suppose k = -y*k + 330. Calculate the greatest common factor of 66 and k.
66
Let d = -60057 + 60183. Let m(p) = 2*p**2 + 4*p - 2. Let t be m(-4). Calculate the greatest common divisor of t and d.
14
Suppose 72*q - 906 = -2*i + 70*q, 2*q - 1806 = -4*i. Calculate the highest common factor of i and 2070.
90
Suppose -4*g + 21838 = 5*z, 2*g + 260*z = 264*z + 10906. What is the highest common factor of 51 and g?
51
Suppose 16988 - 58204 = -32*j. Calculate the greatest common divisor of 552 and j.
184
Let r(k) = 4*k + 97. Let n = -160 + 149. Let q be r(n). What is the greatest common divisor of q and 159?
53
Let i(q) = q**2 + q + 4. Let f be i(0). Suppose 220*z - 178*z = 6216. Calculate the greatest common factor of f and z.
4
Let w = 2891 - 2857. Calculate the highest common divisor of w and 3298.
34
Let j = 2070 + -2000. Calculate the greatest common factor of 42 and j.
14
Let a = -4049 - -4136. Calculate the highest common factor of a and 1363.
29
Let u(d) = 8*d**2 + d - 5. Let l be u(-3). Let q be 20*24/(-120)*-104. What is the greatest common divisor of q and l?
32
Let s be 76160/630 + 2/(-2 - -20). Calculate the highest common factor of 55 and s.
11
Suppose 226*u - 221*u - 1350 = 0. Suppose -4*c + 5*v = c - u, 38 = c + 3*v. Calculate the greatest common factor of c and 140.
10
Let c be 15/20 - (-1 - 189/4). Let q = 19 + -19. Suppose 20 + 9 = 5*g + 2*b, q = 4*g - 4*b - 40. Calculate the highest common factor of c and g.
7
Let l be (-2 - 0)*1/(8/(-52)). Suppose 0 = -l*t + 19*t - 30. Suppose -5*j = 3*o - 66, -t*j - 8 = -o - 66. Calculate the greatest common divisor of j and 156.
12
Suppose -1 = -i, -4*p - i + 1225 = -140. Suppose -p = -4*k + 331. Suppose 44 - 26 = -2*j - j, -3*o + 45 = 3*j. Calculate the highest common divisor of k and o.
21
Let r(t) = -334*t**2 - t - 4. Let l be r(-1). Let d = l + 365. Calculate the greatest common factor of 91 and d.
7
Let d(m) = 3*m - 15. Let v be d(8). Suppose -v*c = c - 20. Let k be c/((-4)/6) - (-118 + -2). Calculate the highest common divisor of 13 and k.
13
Let m be 4/(-6)*-3 + 0 + 